n factor of 1457 and 7943.
47
What is the highest common factor of 2520 and 199612?
28
What is the greatest common divisor of 2820 and 566115?
705
What is the greatest common divisor of 4389 and 35739?
627
Calculate the highest common divisor of 264069 and 936.
117
Calculate the highest common factor of 412 and 509438.
206
Calculate the greatest common divisor of 4 and 237581.
1
Calculate the highest common factor of 16 and 174160.
16
Calculate the highest common factor of 5660 and 1300.
20
Calculate the highest common factor of 1624 and 189.
7
Calculate the highest common factor of 140946 and 5070.
1014
Calculate the highest common factor of 857136 and 56.
56
What is the highest common factor of 10478 and 1240?
62
Calculate the greatest common divisor of 746 and 446.
2
What is the greatest common factor of 75 and 1090750?
25
Calculate the greatest common divisor of 804720 and 40.
40
Calculate the highest common divisor of 143346 and 42.
42
Calculate the greatest common divisor of 41517 and 2037.
21
Calculate the greatest common factor of 23 and 872873.
23
What is the greatest common factor of 1036330 and 310?
310
Calculate the greatest common factor of 1641402 and 84.
42
Calculate the greatest common divisor of 9799 and 10291.
41
Calculate the highest common factor of 1401 and 2123916.
1401
Calculate the greatest common divisor of 19933 and 1364.
31
What is the highest common factor of 620 and 5208?
124
Calculate the highest common factor of 26 and 50089.
13
Calculate the greatest common factor of 17 and 12758041.
17
Calculate the greatest common factor of 38808 and 7326.
198
What is the highest common divisor of 27892 and 2?
2
Calculate the greatest common divisor of 6100 and 900.
100
What is the greatest common factor of 7088 and 120?
8
Calculate the greatest common divisor of 254127 and 2668.
667
What is the highest common divisor of 13509 and 303597?
711
What is the greatest common factor of 2738 and 16946?
74
What is the highest common factor of 1463 and 22211?
133
What is the greatest common divisor of 73850 and 2930?
10
What is the greatest common factor of 109016 and 56?
8
What is the greatest common divisor of 21 and 22484?
7
What is the greatest common divisor of 129024 and 14448?
336
Calculate the highest common factor of 6 and 113214.
6
What is the highest common divisor of 11956 and 3052?
28
What is the highest common divisor of 6050264 and 1047?
349
What is the highest common divisor of 557 and 11838478?
557
What is the highest common factor of 565965 and 90?
45
Calculate the greatest common factor of 342 and 361.
19
What is the greatest common divisor of 480 and 4740?
60
Calculate the greatest common factor of 1470202 and 1468.
734
What is the greatest common divisor of 27357 and 264?
33
What is the greatest common factor of 1425 and 7350?
75
What is the highest common divisor of 18048 and 7944?
24
What is the highest common factor of 133 and 77767?
19
Calculate the highest common factor of 1612 and 56234.
62
Calculate the greatest common divisor of 1343153 and 357.
119
What is the highest common factor of 294539 and 49?
49
Calculate the highest common divisor of 8092 and 112.
28
What is the highest common divisor of 53251 and 1034?
517
What is the greatest common factor of 6 and 41415?
3
Calculate the highest common divisor of 679 and 9991.
97
Calculate the greatest common factor of 23349 and 1677.
129
What is the highest common divisor of 3 and 50295?
3
What is the greatest common divisor of 1261 and 12402?
13
What is the greatest common divisor of 2808 and 625131?
351
Calculate the highest common factor of 9285 and 1602591.
1857
Calculate the greatest common divisor of 11987152 and 32.
16
What is the greatest common factor of 225 and 230445?
45
Calculate the greatest common factor of 19128 and 936.
24
What is the highest common divisor of 540 and 9027?
9
What is the highest common divisor of 141 and 20890137?
141
What is the highest common divisor of 1694 and 9380?
14
What is the highest common divisor of 60655 and 35?
35
What is the highest common divisor of 2171490 and 15?
15
What is the highest common factor of 585542 and 1444?
722
Calculate the greatest common divisor of 2622 and 41857.
19
Calculate the greatest common divisor of 2406 and 22395048.
2406
Calculate the highest common divisor of 21 and 349.
1
Calculate the highest common divisor of 126699 and 2959.
269
What is the highest common divisor of 4437 and 72216?
153
Calculate the greatest common divisor of 1840 and 80920.
40
What is the highest common factor of 205 and 7339?
41
Calculate the greatest common divisor of 68640 and 990.
330
What is the highest common divisor of 4982 and 658?
94
Calculate the greatest common factor of 520 and 499360.
40
What is the greatest common divisor of 761 and 302117?
761
Calculate the highest common factor of 479 and 147053.
479
Calculate the highest common factor of 402347 and 22.
11
Calculate the highest common divisor of 904 and 11074.
226
Calculate the highest common divisor of 25497 and 261.
9
Calculate the greatest common factor of 6 and 79671.
3
Calculate the highest common divisor of 139 and 11.
1
Calculate the highest common factor of 311420 and 92.
92
Calculate the greatest common factor of 1807386 and 7728.
966
What is the greatest common factor of 16864 and 5890?
62
Calculate the greatest common divisor of 2910 and 9215.
485
What is the highest common factor of 12 and 1938120?
12
Calculate the greatest common factor of 195 and 11245.
65
What is the highest common factor of 42344 and 5896?
536
Calculate the greatest common factor of 140060 and 9400.
940
What is the highest common factor of 146048 and 112?
112
Calculate the highest common divisor of 20475 and 7245.
315
What is the highest common factor of 154477 and 358?
179
Calculate the greatest common divisor of 28456 and 792.
8
Calculate the highest common factor of 13 and 2659215.
13
Calculate the greatest common divisor of 104 and 331916.
52
What is the greatest common divisor of 6972 and 161448?
84
What is the greatest common divisor of 17425 and 7225?
425
Calculate the greatest common divisor of 1921 and 2599.
113
Calculate the highest common factor of 1664 and 48.
16
Calculate the greatest common factor of 246120 and 294.
42
Calculate the greatest common divisor of 42968 and 123.
41
What is the greatest common divisor of 440 and 92?
4
What is the greatest common factor of 48 and 2034?
6
Calculate the highest common factor of 540 and 5370.
30
Calculate the greatest common factor of 630338 and 142.
142
What is the highest common divisor of 5005 and 8320?
65
Calculate the highest common divisor of 407535 and 5555.
505
What is the greatest common divisor of 8 and 66694?
2
Calculate the greatest common factor of 3462 and 216.
6
Calculate the highest common factor of 1256 and 10376.
8
Calculate the greatest common divisor of 53072 and 3852.
428
What is the greatest common factor of 22275 and 1089?
99
What is the highest common factor of 816 and 288235?
17
What is the greatest common factor of 477 and 40995?
9
What is the highest common factor of 18 and 618636?
6
What is the highest common factor of 5817959 and 326?
163
What is the highest common divisor of 431512 and 16?
8
Calculate the greatest common factor of 518 and 344026.
74
Calculate the highest common factor of 154 and 185185.
77
Calculate the greatest common divisor of 440 and 17560.
40
Calculate the highest common divisor of 3802084 and 1518.
506
Calculate the greatest common divisor of 152 and 2323244.
76
What is the highest common factor of 15432 and 300?
12
Calculate the highest common factor of 3690 and 180.
90
What is the highest common divisor of 720 and 4848?
48
Calculate the highest common factor of 487272 and 11613.
237
What is the highest common factor of 4 and 133558?
2
What is the highest common factor of 618906 and 1098?
366
Calculate the highest common factor of 214705 and 2990.
115
What is the highest common divisor of 63096 and 132?
132
Calculate the highest common factor of 183288 and 264.
24
Calculate the highest common divisor of 955016 and 228.
76
Calculate the highest common divisor of 5284 and 172.
4
Calculate the greatest common divisor of 6744 and 600.
24
Calculate the highest 